{"id":322,"date":"2011-02-25T12:40:17","date_gmt":"2011-02-25T12:40:17","guid":{"rendered":"http:\/\/advanti-lab.sb.dfki.de\/?page_id=322"},"modified":"2020-07-31T11:54:16","modified_gmt":"2020-07-31T11:54:16","slug":"cirius-technology-demonstrator","status":"publish","type":"page","link":"https:\/\/advanti-lab.sb.dfki.de\/?page_id=322","title":{"rendered":"Cirius Technologie Demonstrator"},"content":{"rendered":"<div align=\"right\"><a href=\"https:\/\/advanti-lab.sb.dfki.de\/?page_id=303\"><img loading=\"lazy\" decoding=\"async\" src=\"https:\/\/advanti-lab.sb.dfki.de\/wp-content\/uploads\/2011\/02\/englisch.jpg\" width=\"44\" height=\"22\"><\/a><\/div>\n<p><img loading=\"lazy\" decoding=\"async\" src=\"https:\/\/advanti-lab.sb.dfki.de\/wp-content\/uploads\/2011\/02\/ciriusMiniLogo.jpg\" width=\"300\" height=\"68\"><\/p>\n<p><strong>Multimodale Interaktion mit semantischen Diensten und Wissensquellen<\/strong><\/p>\n<p>Das multimodale Dialogsystem Cirius erm\u00f6glicht den Zugriff auf Informationen, multimediale Inhalte und Services aus einer semantischen Datenbank mittels gesprochener Sprache und Gestik. An einer PHEX Multitouchkonsole oder \u00fcber Smartphones k\u00f6nnen semantisch annotierte Inhalte zu deutschen Fl\u00fcssen, Seen, Bundesl\u00e4ndern und St\u00e4dten sowie Fakten zu Fl\u00e4che und Bev\u00f6lkerung der innereurop\u00e4ischen Anreinerl\u00e4nder abgerufen werden.<\/p>\n<p>Entwickelt wurde Cirius im Rahmen des F\u00f6rderprogramms THESEUS. Die Wissensbasis von Cirius ist eine Datenbank, die im THESEUS Use Case ALEXANDRIA vom Forschungspartner neofonie aufgebaut wurde. Neben Details zum Computererfinder Konrad Zuse bietet Cirius auch Informationen zu den Exponaten im THESEUS-Informationszentrum in Berlin.<\/p>\n<p style=\"text-align: left;\"><img loading=\"lazy\" decoding=\"async\" class=\"aligncenter\" title=\"Cirius System\" src=\"https:\/\/advanti-lab.sb.dfki.de\/wp-content\/uploads\/2012\/04\/Cirius-GUI.jpg\" alt=\"Cirius User Interface\" width=\"420\" height=\"250\"><\/p>\n<p>Das System interpretiert die verschiedenen Eingabemodalit\u00e4ten wie nat\u00fcrliche Sprache in gesprochener Form sowie Zeigegesten und erm\u00f6glicht zudem einen schnellen Zugriff auf semantische Dienste sowie auf die ontologische Repr\u00e4sentation der extrahierten Informationen. Diese Dienste schaffen den Zugang zu beliebigen heterogenen Informationsquellen im Web.<\/p>\n<p><!--Insbesondere die Gestensteuerung erlaubt neue Formen der Interaktion: So kann ein Bild des historischen Z3-Rechners per \u201cFrisbee-Geste\u201d vom Smartphone auf die Konsole \u201cgeworfen\u201d werden und dort als Ausgangspunkt der Suche dienen. Cirius nutzt Webdienste, um weitere Bilder, Texte und Videos zu finden. Gefundene Dokumente, die mit Ortsangaben versehen sind, k\u00f6nnen sofort auf einer Karte gezeigt werden.--><\/p>\n<p>Den Kern des multimodalen Systems bildet eine ontologiebasierte Dialogsystemplattform (Ontology-based Dialogue Platform &#8211; ODP), die am DFKI im Rahmen des THESEUS-Programms (CTC-WP4) entwickelte wurde. Die offene Architektur der ODP gew\u00e4hrleistet eine flexible Einbindung und Ansteuerung von modalit\u00e4tsspezifischen und benutzerseitigen Systemkomponenten einerseits sowie applikationsspezifischer Anwendungsfunktionalit\u00e4ten andererseits.<\/p>\n<p>ODP bietet insbesondere auch leistungsf\u00e4hige Programmierschnittstellen f\u00fcr dialogspezifische Verarbeitungsmodule, die eine effiziente Datenrepr\u00e4sentation von Wissensstrukturen und deren regelgesteuerte Verarbeitung unterst\u00fctzen. Die ODP-L\u00f6sung wird durch das DFKI Spin-off SemVox GmbH vermarktet.<\/p>\n<p>Das F\u00f6rderprogramm THESEUS ist ein vom Bundesministerium f\u00fcr Wirtschaft und Technologie (BMWi) initiiertes Forschungsprogramm mit dem Ziel, eine neue internetbasierte Wissensinfrastruktur zu entwickeln, um das Wissen im Internet besser zu nutzen und zu verwerten. Im Fokus stehen semantische Technologien, die im Core Technology Cluster (CTC) entwickelt werden, um sie in konkreten Anwendungsszenarien, etwa aus den Bereichen Medizin, Business Webservices, Optimierung von Gesch\u00e4ftsprozessen einzusetzen und zu erproben.<\/p>\n","protected":false},"excerpt":{"rendered":"<p>Multimodale Interaktion mit semantischen Diensten und Wissensquellen Das multimodale Dialogsystem Cirius erm\u00f6glicht den Zugriff auf Informationen, multimediale Inhalte und Services aus einer semantischen Datenbank mittels gesprochener Sprache und Gestik. An einer PHEX Multitouchkonsole oder \u00fcber Smartphones k\u00f6nnen semantisch annotierte Inhalte zu deutschen Fl\u00fcssen, Seen, Bundesl\u00e4ndern und St\u00e4dten sowie Fakten zu Fl\u00e4che und Bev\u00f6lkerung der innereurop\u00e4ischen [&hellip;]<\/p>\n","protected":false},"author":1,"featured_media":0,"parent":303,"menu_order":0,"comment_status":"open","ping_status":"open","template":"","meta":{"footnotes":""},"class_list":["post-322","page","type-page","status-publish","hentry"],"_links":{"self":[{"href":"https:\/\/advanti-lab.sb.dfki.de\/index.php?rest_route=\/wp\/v2\/pages\/322","targetHints":{"allow":["GET"]}}],"collection":[{"href":"https:\/\/advanti-lab.sb.dfki.de\/index.php?rest_route=\/wp\/v2\/pages"}],"about":[{"href":"https:\/\/advanti-lab.sb.dfki.de\/index.php?rest_route=\/wp\/v2\/types\/page"}],"author":[{"embeddable":true,"href":"https:\/\/advanti-lab.sb.dfki.de\/index.php?rest_route=\/wp\/v2\/users\/1"}],"replies":[{"embeddable":true,"href":"https:\/\/advanti-lab.sb.dfki.de\/index.php?rest_route=%2Fwp%2Fv2%2Fcomments&post=322"}],"version-history":[{"count":13,"href":"https:\/\/advanti-lab.sb.dfki.de\/index.php?rest_route=\/wp\/v2\/pages\/322\/revisions"}],"predecessor-version":[{"id":769,"href":"https:\/\/advanti-lab.sb.dfki.de\/index.php?rest_route=\/wp\/v2\/pages\/322\/revisions\/769"}],"up":[{"embeddable":true,"href":"https:\/\/advanti-lab.sb.dfki.de\/index.php?rest_route=\/wp\/v2\/pages\/303"}],"wp:attachment":[{"href":"https:\/\/advanti-lab.sb.dfki.de\/index.php?rest_route=%2Fwp%2Fv2%2Fmedia&parent=322"}],"curies":[{"name":"wp","href":"https:\/\/api.w.org\/{rel}","templated":true}]}}